undreds digit of 12891647?
6
What is the ten thousands digit of 21862024?
6
What is the millions digit of 1914990?
1
What is the ten thousands digit of 543225?
4
What is the thousands digit of 249676?
9
What is the thousands digit of 7883121?
3
What is the hundred thousands digit of 1790109?
7
What is the tens digit of 3328935?
3
What is the ten thousands digit of 1441655?
4
What is the units digit of 26018?
8
What is the thousands digit of 835991?
5
What is the tens digit of 958150?
5
What is the units digit of 3183295?
5
What is the millions digit of 2218426?
2
What is the hundred thousands digit of 192451?
1
What is the hundreds digit of 8400935?
9
What is the tens digit of 958968?
6
What is the tens digit of 1469796?
9
What is the hundreds digit of 77672?
6
What is the ten thousands digit of 97246?
9
What is the units digit of 2878880?
0
What is the ten thousands digit of 1094822?
9
What is the ten thousands digit of 26256003?
5
What is the millions digit of 7678698?
7
What is the tens digit of 265301?
0
What is the ten millions digit of 14173463?
1
What is the ten thousands digit of 1019710?
1
What is the millions digit of 1635911?
1
What is the millions digit of 11900821?
1
What is the hundreds digit of 1269476?
4
What is the hundred thousands digit of 26100455?
1
What is the ten thousands digit of 642259?
4
What is the thousands digit of 257909?
7
What is the units digit of 117033?
3
What is the ten thousands digit of 7282486?
8
What is the tens digit of 243963?
6
What is the thousands digit of 236932?
6
What is the thousands digit of 234509?
4
What is the hundred thousands digit of 1519330?
5
What is the hundreds digit of 934129?
1
What is the hundred thousands digit of 1742707?
7
What is the millions digit of 1263237?
1
What is the hundreds digit of 11145742?
7
What is the ten thousands digit of 170960?
7
What is the tens digit of 2368416?
1
What is the tens digit of 527053?
5
What is the hundred thousands digit of 361871?
3
What is the hundreds digit of 2565677?
6
What is the millions digit of 2235419?
2
What is the units digit of 304752?
2
What is the units digit of 269461?
1
What is the units digit of 95044?
4
What is the thousands digit of 95583?
5
What is the hundreds digit of 252383?
3
What is the units digit of 43776?
6
What is the hundreds digit of 208424?
4
What is the units digit of 5792?
2
What is the thousands digit of 204422?
4
What is the ten thousands digit of 9978132?
7
What is the units digit of 493016?
6
What is the units digit of 122473?
3
What is the tens digit of 18761268?
6
What is the units digit of 82358?
8
What is the units digit of 125353?
3
What is the thousands digit of 3024809?
4
What is the millions digit of 7888542?
7
What is the ten thousands digit of 8225907?
2
What is the ten thousands digit of 19394?
1
What is the tens digit of 148582?
8
What is the thousands digit of 7176007?
6
What is the thousands digit of 446859?
6
What is the hundreds digit of 625285?
2
What is the hundreds digit of 28126512?
5
What is the thousands digit of 265150?
5
What is the tens digit of 32225432?
3
What is the hundreds digit of 488910?
9
What is the ten thousands digit of 1389362?
8
What is the hundred thousands digit of 2031708?
0
What is the hundred thousands digit of 1286306?
2
What is the units digit of 9109497?
7
What is the thousands digit of 2392870?
2
What is the hundreds digit of 2506786?
7
What is the thousands digit of 20785203?
5
What is the units digit of 352918?
8
What is the hundred thousands digit of 2947549?
9
What is the thousands digit of 3850240?
0
What is the units digit of 4778183?
3
What is the ten thousands digit of 18832?
1
What is the hundred thousands digit of 521178?
5
What is the hundred thousands digit of 1424673?
4
What is the millions digit of 2524112?
2
What is the hundreds digit of 2688587?
5
What is the hundred thousands digit of 4118205?
1
What is the tens digit of 6354205?
0
What is the tens digit of 2863391?
9
What is the ten thousands digit of 5459224?
5
What is the ten millions digit of 27846763?
2
What is the ten thousands digit of 186894?
8
What is the units digit of 1222003?
3
What is the thousands digit of 826148?
6
What is the tens digit of 8712696?
9
What is the ten thousands digit of 8004645?
0
What is the tens digit of 329414?
1
What is the units digit of 71252?
2
What is the units digit of 87115?
5
What is the hundreds digit of 202418?
4
What is the hundreds digit of 1348561?
5
What is the ten thousands digit of 1930401?
3
What is the ten thousands digit of 2107559?
0
What is the millions digit of 21871410?
1
What is the units digit of 4669573?
3
What is the tens digit of 2511551?
5
What is the hundred thousands digit of 1886537?
8
What is the hundred thousands digit of 177240?
1
What is the hundred thousands digit of 27736429?
7
What is the hundred thousands digit of 339627?
3
What is the thousands digit of 6986609?
6
What is the units digit of 705432?
2
What is the tens digit of 3593392?
9
What is the ten thousands digit of 33650069?
5
What is the tens digit of 344721?
2
What is the tens digit of 329211?
1
What is the thousands digit of 309431?
9
What is the ten thousands digit of 5986288?
8
What is the ten thousands digit of 13441388?
4
What is the millions digit of 18180831?
8
What is the millions digit of 7381473?
7
What is the ten thousands digit of 127205?
2
What is the thousands digit of 355073?
5
What is the ten thousands digit of 318411?
1
What is the tens digit of 9370045?
4
What is the tens digit of 554806?
0
What is the tens digit of 675601?
0
What is the hundred thousands digit of 919401?
9
What is the hundreds digit of 2576812?
8
What is the ten thousands digit of 1103424?
0
What is the tens digit of 532392?
9
What is the units digit of 676631?
1
What is the ten thousands digit of 3393607?
9
What is the thousands digit of 2262119?
2
What is the ten millions digit of 22666755?
2
What is the units digit of 101989?
9
What is the hundred thousands digit of 3045380?
0
What is the ten thousands digit of 386933?
8
What is the ten thousands digit of 2128693?
2
What is the hundreds digit of 3655713?
7
What is the ten thousands digit of 231274?
3
What is the hundreds digit of 1012443?
4
What is the tens digit of 4900953?
5
What is the tens digit of 150655?
5
What is the ten thousands digit of 456965?
5
What is the tens digit of 11097?
9
What is the hundred thousands digit of 9075497?
0
What is the units digit of 31423679?
9
What is the thousands digit of 815532?
5
What is the tens digit of 507580?
8
What is the tens digit of 7738375?
7
What is the hundreds digit of 1972147?
1
What is the thousands digit of 1654636?
4
What is the units digit of 3357316?
6
What is the ten thousands digit of 28312662?
1
What is the units digit of 18610245?
5
What is the tens digit of 138?
3
What is the thousands digit of 625172?
5
What is the ten thousands digit of 954849?
5
What is the ten thousands digit of 1210839?
1
What is the hundreds digit of 6011947?
9
What is the thousands digit of 1142603?
2
What is the units digit of 9832458?
8
What is the millions digit of 3684912?
3
What is the thousands digit of 804955?
4
What is the units digit of 2192145?
5
What is the tens digit of 256226?
2
What is the thousands digit of 239622?
9
What is the thousands digit of 1950827?
0
What is the ten thousands digit of 2577861?
7
What is the tens digit of 2106040?
4
What is the hundred thousands digit of 161464?
1
What is the hundreds digit of 6253009?
0
What is the ten thousands digit of 6727771?
2
What is the ten thousands digit of 133180?
3
What is the units digit of 96877?
7
What is the tens digit of 56057?
5
What is the hundreds digit of 988446?
4
What is the thousands digit of 29855?
9
What is the thousands digit of 138713?
8
What is the ten thousands digit of 279474?
7
What is the thousands digit of 1377315?
7
What is the thousands digit of 525456?
5
What is the tens digit of 891898?
9
What is the tens digit of 207603?
0
What is the hundred thousands digit of 216070?
2
What is the millions digit of 9569004?
9
What is the thousands digit of 382578?
2
What is the thousands digit of 2441373?
1
What is the tens digit of 1578244?
4
What is the ten millions digit of 35724593?
3
What is the mill